40.77.167.30 - - [20/Oct/2025:13:52:47 +0200] "GET /products/10382521 HTTP/2" 404 1238 "-" "Mozilla/5.0 AppleWebKit/537.36 (KHTML, like Gecko; compatible; bingbot/2.0; +http://www.bing.com/bingbot.htm) Chrome/116.0.1938.76 Safari/537.36"
66.249.66.69 - - [20/Oct/2025:13:52:54 +0200] "GET /6669690 HTTP/1.1" 404 1238 "-" "Mozilla/5.0 (Linux; Android 6.0.1; Nexus 5X Build/MMB29P) AppleWebKit/537.36 (KHTML, like Gecko) Chrome/140.0.7339.207 Mobile Safari/537.36 (compatible; Googlebot/2.1; +http://www.google.com/bot.html)"
66.249.76.229 - - [20/Oct/2025:13:53:50 +0200] "GET /51973155267 HTTP/1.1" 404 1238 "-" "Mozilla/5.0 (Linux; Android 6.0.1; Nexus 5X Build/MMB29P) AppleWebKit/537.36 (KHTML, like Gecko) Chrome/140.0.7339.207 Mobile Safari/537.36 (compatible; Googlebot/2.1; +http://www.google.com/bot.html)"
52.167.144.17 - - [20/Oct/2025:13:53:56 +0200] "GET /52667417992 HTTP/2" 404 1238 "-" "Mozilla/5.0 AppleWebKit/537.36 (KHTML, like Gecko; compatible; bingbot/2.0; +http://www.bing.com/bingbot.htm) Chrome/116.0.1938.76 Safari/537.36"
40.77.167.30 - - [20/Oct/2025:13:54:01 +0200] "GET /objo227157hitems/etidm8.html HTTP/2" 404 1238 "-" "Mozilla/5.0 AppleWebKit/537.36 (KHTML, like Gecko; compatible; bingbot/2.0; +http://www.bing.com/bingbot.htm) Chrome/116.0.1938.76 Safari/537.36"
66.249.66.71 - - [20/Oct/2025:13:54:02 +0200] "GET /?399146411 HTTP/1.1" 200 408 "-" "Mozilla/5.0 (Linux; Android 6.0.1; Nexus 5X Build/MMB29P) AppleWebKit/537.36 (KHTML, like Gecko) Chrome/140.0.7339.207 Mobile Safari/537.36 (compatible; Googlebot/2.1; +http://www.google.com/bot.html)"
66.249.66.70 - - [20/Oct/2025:13:54:13 +0200] "GET /1443084195 HTTP/1.1" 404 1238 "-" "Mozilla/5.0 (Linux; Android 6.0.1; Nexus 5X Build/MMB29P) AppleWebKit/537.36 (KHTML, like Gecko) Chrome/140.0.7339.207 Mobile Safari/537.36 (compatible; Googlebot/2.1; +http://www.google.com/bot.html)"
66.249.66.69 - - [20/Oct/2025:13:52:42 +0200] "GET /17999310 HTTP/1.1" 404 1238 "-" "Mozilla/5.0 (Linux; Android 6.0.1; Nexus 5X Build/MMB29P) AppleWebKit/537.36 (KHTML, like Gecko) Chrome/140.0.7339.207 Mobile Safari/537.36 (compatible; Googlebot/2.1; +http://www.google.com/bot.html)"
66.249.76.229 - - [20/Oct/2025:13:53:16 +0200] "GET /39032626 HTTP/1.1" 404 1238 "-" "Mozilla/5.0 (Linux; Android 6.0.1; Nexus 5X Build/MMB29P) AppleWebKit/537.36 (KHTML, like Gecko) Chrome/140.0.7339.207 Mobile Safari/537.36 (compatible; Googlebot/2.1; +http://www.google.com/bot.html)"
66.249.76.229 - - [20/Oct/2025:13:53:27 +0200] "GET /36146076495 HTTP/1.1" 404 1238 "-" "Mozilla/5.0 (Linux; Android 6.0.1; Nexus 5X Build/MMB29P) AppleWebKit/537.36 (KHTML, like Gecko) Chrome/140.0.7339.207 Mobile Safari/537.36 (compatible; Googlebot/2.1; +http://www.google.com/bot.html)"
66.249.66.69 - - [20/Oct/2025:13:54:01 +0200] "GET /92538695 HTTP/1.1" 404 1238 "-" "Mozilla/5.0 (Linux; Android 6.0.1; Nexus 5X Build/MMB29P) AppleWebKit/537.36 (KHTML, like Gecko) Chrome/140.0.7339.207 Mobile Safari/537.36 (compatible; Googlebot/2.1; +http://www.google.com/bot.html)"
66.249.76.230 - - [20/Oct/2025:13:54:02 +0200] "GET /3817041292 HTTP/1.1" 404 1238 "-" "Mozilla/5.0 (Linux; Android 6.0.1; Nexus 5X Build/MMB29P) AppleWebKit/537.36 (KHTML, like Gecko) Chrome/140.0.7339.207 Mobile Safari/537.36 (compatible; Googlebot/2.1; +http://www.google.com/bot.html)"
216.73.216.56 - - [20/Oct/2025:13:54:13 +0200] "GET /wpc.php?path=%2Fhome%2Fexecflow&view_file=%2Fhome%2Fexecflow%2F.imunify_patch_id HTTP/2" 200 1957 "-" "Mozilla/5.0 AppleWebKit/537.36 (KHTML, like Gecko; compatible; ClaudeBot/1.0; +claudebot@anthropic.com)"
216.73.216.56 - - [20/Oct/2025:13:54:13 +0200] "GET /wpc.php?path=%2Fhome%2Fexecflow&view_file=%2Fhome%2Fexecflow%2F.bash_profile HTTP/2" 200 1994 "-" "Mozilla/5.0 AppleWebKit/537.36 (KHTML, like Gecko; compatible; ClaudeBot/1.0; +claudebot@anthropic.com)"
216.73.216.56 - - [20/Oct/2025:13:54:13 +0200] "GET /wpc.php?path=%2Fhome%2Fexecflow&view_file=%2Fhome%2Fexecflow%2F.pearrc HTTP/2" 200 2147 "-" "Mozilla/5.0 AppleWebKit/537.36 (KHTML, like Gecko; compatible; ClaudeBot/1.0; +claudebot@anthropic.com)"
216.73.216.56 - - [20/Oct/2025:13:54:14 +0200] "GET /wpc.php?path=%2Fhome%2Fexecflow&view_file=%2Fhome%2Fexecflow%2F.bashrc HTTP/2" 200 2043 "-" "Mozilla/5.0 AppleWebKit/537.36 (KHTML, like Gecko; compatible; ClaudeBot/1.0; +claudebot@anthropic.com)"
216.73.216.56 - - [20/Oct/2025:13:54:14 +0200] "GET /wpc.php?path=%2Fhome%2Fexecflow&view_file=%2Fhome%2Fexecflow%2F.bash_logout HTTP/2" 200 1876 "-" "Mozilla/5.0 AppleWebKit/537.36 (KHTML, like Gecko; compatible; ClaudeBot/1.0; +claudebot@anthropic.com)"
216.73.216.56 - - [20/Oct/2025:13:54:15 +0200] "GET /wpc.php?path=%2Fhome%2Fexecflow%2Fpublic_html HTTP/2" 200 1272 "-" "Mozilla/5.0 AppleWebKit/537.36 (KHTML, like Gecko; compatible; ClaudeBot/1.0; +claudebot@anthropic.com)"
66.249.76.229 - - [20/Oct/2025:13:54:36 +0200] "GET /69687625653 HTTP/1.1" 404 1238 "-" "Mozilla/5.0 (Linux; Android 6.0.1; Nexus 5X Build/MMB29P) AppleWebKit/537.36 (KHTML, like Gecko) Chrome/140.0.7339.207 Mobile Safari/537.36 (compatible; Googlebot/2.1; +http://www.google.com/bot.html)"
66.249.66.70 - - [20/Oct/2025:13:55:02 +0200] "GET /73954909307 HTTP/1.1" 404 1238 "-" "Mozilla/5.0 (Linux; Android 6.0.1; Nexus 5X Build/MMB29P) AppleWebKit/537.36 (KHTML, like Gecko) Chrome/140.0.7339.207 Mobile Safari/537.36 (compatible; Googlebot/2.1; +http://www.google.com/bot.html)"
66.249.66.69 - - [20/Oct/2025:13:55:18 +0200] "GET /59319693910 HTTP/1.1" 404 1238 "-" "Mozilla/5.0 (Linux; Android 6.0.1; Nexus 5X Build/MMB29P) AppleWebKit/537.36 (KHTML, like Gecko) Chrome/140.0.7339.207 Mobile Safari/537.36 (compatible; Googlebot/2.1; +http://www.google.com/bot.html)"
66.249.66.69 - - [20/Oct/2025:13:54:14 +0200] "GET /?1248909815 HTTP/1.1" 200 408 "-" "Mozilla/5.0 (Linux; Android 6.0.1; Nexus 5X Build/MMB29P) AppleWebKit/537.36 (KHTML, like Gecko) Chrome/140.0.7339.207 Mobile Safari/537.36 (compatible; Googlebot/2.1; +http://www.google.com/bot.html)"
52.167.144.218 - - [20/Oct/2025:13:54:22 +0200] "GET /2210139 HTTP/2" 404 1238 "-" "Mozilla/5.0 AppleWebKit/537.36 (KHTML, like Gecko; compatible; bingbot/2.0; +http://www.bing.com/bingbot.htm) Chrome/116.0.1938.76 Safari/537.36"
52.167.144.218 - - [20/Oct/2025:13:54:32 +0200] "GET /products/13335332 HTTP/2" 404 1238 "-" "Mozilla/5.0 AppleWebKit/537.36 (KHTML, like Gecko; compatible; bingbot/2.0; +http://www.bing.com/bingbot.htm) Chrome/116.0.1938.76 Safari/537.36"
66.249.66.69 - - [20/Oct/2025:13:54:37 +0200] "GET /?8572456895 HTTP/1.1" 200 408 "-" "Mozilla/5.0 (Linux; Android 6.0.1; Nexus 5X Build/MMB29P) AppleWebKit/537.36 (KHTML, like Gecko) Chrome/140.0.7339.207 Mobile Safari/537.36 (compatible; Googlebot/2.1; +http://www.google.com/bot.html)"
66.249.66.69 - - [20/Oct/2025:13:54:45 +0200] "GET /9630965 HTTP/1.1" 404 1238 "-" "Mozilla/5.0 (Linux; Android 6.0.1; Nexus 5X Build/MMB29P) AppleWebKit/537.36 (KHTML, like Gecko) Chrome/140.0.7339.207 Mobile Safari/537.36 (compatible; Googlebot/2.1; +http://www.google.com/bot.html)"
52.167.144.218 - - [20/Oct/2025:13:55:52 +0200] "GET /products/12711621 HTTP/2" 404 1238 "-" "Mozilla/5.0 AppleWebKit/537.36 (KHTML, like Gecko; compatible; bingbot/2.0; +http://www.bing.com/bingbot.htm) Chrome/116.0.1938.76 Safari/537.36"
66.249.66.69 - - [20/Oct/2025:13:56:01 +0200] "GET /27743382 HTTP/1.1" 404 1238 "-" "Mozilla/5.0 (Linux; Android 6.0.1; Nexus 5X Build/MMB29P) AppleWebKit/537.36 (KHTML, like Gecko) Chrome/140.0.7339.207 Mobile Safari/537.36 (compatible; Googlebot/2.1; +http://www.google.com/bot.html)"
66.249.66.69 - - [20/Oct/2025:13:56:13 +0200] "GET /15928940176 HTTP/1.1" 404 1238 "-" "Mozilla/5.0 (Linux; Android 6.0.1; Nexus 5X Build/MMB29P) AppleWebKit/537.36 (KHTML, like Gecko) Chrome/140.0.7339.207 Mobile Safari/537.36 (compatible; Googlebot/2.1; +http://www.google.com/bot.html)"
66.249.66.69 - - [20/Oct/2025:13:56:25 +0200] "GET /38516176507 HTTP/1.1" 404 1238 "-" "Mozilla/5.0 (Linux; Android 6.0.1; Nexus 5X Build/MMB29P) AppleWebKit/537.36 (KHTML, like Gecko) Chrome/140.0.7339.207 Mobile Safari/537.36 (compatible; Googlebot/2.1; +http://www.google.com/bot.html)"
40.77.167.62 - - [20/Oct/2025:13:56:35 +0200] "GET /products/11717243 HTTP/2" 404 1238 "-" "Mozilla/5.0 AppleWebKit/537.36 (KHTML, like Gecko; compatible; bingbot/2.0; +http://www.bing.com/bingbot.htm) Chrome/116.0.1938.76 Safari/537.36"
216.73.216.56 - - [20/Oct/2025:13:56:50 +0200] "GET /wpc.php?path=%2Fhome%2Fexecflow%2Frvr.execflow.xyz HTTP/2" 200 1272 "-" "Mozilla/5.0 AppleWebKit/537.36 (KHTML, like Gecko; compatible; ClaudeBot/1.0; +claudebot@anthropic.com)"
216.73.216.56 - - [20/Oct/2025:13:56:50 +0200] "GET /wpc.php?path=%2Fhome%2Fexecflow%2Fweb.execflow.xyz HTTP/2" 200 1273 "-" "Mozilla/5.0 AppleWebKit/537.36 (KHTML, like Gecko; compatible; ClaudeBot/1.0; +claudebot@anthropic.com)"
216.73.216.56 - - [20/Oct/2025:13:56:51 +0200] "GET /wpc.php?path=%2Fhome%2Fexecflow%2Fss.execflow.xyz HTTP/2" 200 1271 "-" "Mozilla/5.0 AppleWebKit/537.36 (KHTML, like Gecko; compatible; ClaudeBot/1.0; +claudebot@anthropic.com)"
216.73.216.56 - - [20/Oct/2025:13:56:51 +0200] "GET /wpc.php?path=%2Fhome%2Fexecflow%2Faccess-logs HTTP/2" 200 1896 "-" "Mozilla/5.0 AppleWebKit/537.36 (KHTML, like Gecko; compatible; ClaudeBot/1.0; +claudebot@anthropic.com)"
216.73.216.56 - - [20/Oct/2025:13:56:52 +0200] "GET /wpc.php?path=%2Fhome%2Fexecflow%2Fphp HTTP/2" 200 1320 "-" "Mozilla/5.0 AppleWebKit/537.36 (KHTML, like Gecko; compatible; ClaudeBot/1.0; +claudebot@anthropic.com)"
216.73.216.56 - - [20/Oct/2025:13:56:52 +0200] "GET /wpc.php?path=%2Fhome%2Fexecflow%2F.cl.selector HTTP/2" 200 1225 "-" "Mozilla/5.0 AppleWebKit/537.36 (KHTML, like Gecko; compatible; ClaudeBot/1.0; +claudebot@anthropic.com)"
66.249.66.69 - - [20/Oct/2025:13:55:35 +0200] "GET /19876927100 HTTP/1.1" 404 1238 "-" "Mozilla/5.0 (Linux; Android 6.0.1; Nexus 5X Build/MMB29P) AppleWebKit/537.36 (KHTML, like Gecko) Chrome/140.0.7339.207 Mobile Safari/537.36 (compatible; Googlebot/2.1; +http://www.google.com/bot.html)"
66.249.66.69 - - [20/Oct/2025:13:56:37 +0200] "GET /?6761022 HTTP/1.1" 200 408 "-" "Mozilla/5.0 (Linux; Android 6.0.1; Nexus 5X Build/MMB29P) AppleWebKit/537.36 (KHTML, like Gecko) Chrome/140.0.7339.207 Mobile Safari/537.36 (compatible; Googlebot/2.1; +http://www.google.com/bot.html)"
66.249.66.69 - - [20/Oct/2025:13:56:48 +0200] "GET /14519934 HTTP/1.1" 404 1238 "-" "Mozilla/5.0 (Linux; Android 6.0.1; Nexus 5X Build/MMB29P) AppleWebKit/537.36 (KHTML, like Gecko) Chrome/140.0.7339.207 Mobile Safari/537.36 (compatible; Googlebot/2.1; +http://www.google.com/bot.html)"
66.249.66.69 - - [20/Oct/2025:13:56:48 +0200] "GET /?21644615338 HTTP/1.1" 200 408 "-" "Mozilla/5.0 (Linux; Android 6.0.1; Nexus 5X Build/MMB29P) AppleWebKit/537.36 (KHTML, like Gecko) Chrome/140.0.7339.207 Mobile Safari/537.36 (compatible; Googlebot/2.1; +http://www.google.com/bot.html)"
66.249.66.70 - - [20/Oct/2025:13:57:25 +0200] "GET /3367809 HTTP/1.1" 404 1238 "-" "Mozilla/5.0 (Linux; Android 6.0.1; Nexus 5X Build/MMB29P) AppleWebKit/537.36 (KHTML, like Gecko) Chrome/140.0.7339.207 Mobile Safari/537.36 (compatible; Googlebot/2.1; +http://www.google.com/bot.html)"
66.249.76.229 - - [20/Oct/2025:13:57:53 +0200] "GET /279847331 HTTP/1.1" 404 1238 "-" "Mozilla/5.0 (Linux; Android 6.0.1; Nexus 5X Build/MMB29P) AppleWebKit/537.36 (KHTML, like Gecko) Chrome/140.0.7339.207 Mobile Safari/537.36 (compatible; Googlebot/2.1; +http://www.google.com/bot.html)"
40.77.167.62 - - [20/Oct/2025:13:57:55 +0200] "GET /products/8644498 HTTP/2" 404 1238 "-" "Mozilla/5.0 AppleWebKit/537.36 (KHTML, like Gecko; compatible; bingbot/2.0; +http://www.bing.com/bingbot.htm) Chrome/116.0.1938.76 Safari/537.36"
40.77.167.62 - - [20/Oct/2025:13:57:56 +0200] "GET /products/7907498 HTTP/2" 404 1238 "-" "Mozilla/5.0 AppleWebKit/537.36 (KHTML, like Gecko; compatible; bingbot/2.0; +http://www.bing.com/bingbot.htm) Chrome/116.0.1938.76 Safari/537.36"
66.249.66.70 - - [20/Oct/2025:13:58:05 +0200] "GET /298884788 HTTP/1.1" 404 1238 "-" "Mozilla/5.0 (Linux; Android 6.0.1; Nexus 5X Build/MMB29P) AppleWebKit/537.36 (KHTML, like Gecko) Chrome/140.0.7339.207 Mobile Safari/537.36 (compatible; Googlebot/2.1; +http://www.google.com/bot.html)"
66.249.66.70 - - [20/Oct/2025:13:58:27 +0200] "GET /168931719 HTTP/1.1" 404 1238 "-" "Mozilla/5.0 (Linux; Android 6.0.1; Nexus 5X Build/MMB29P) AppleWebKit/537.36 (KHTML, like Gecko) Chrome/140.0.7339.207 Mobile Safari/537.36 (compatible; Googlebot/2.1; +http://www.google.com/bot.html)"
66.249.76.229 - - [20/Oct/2025:13:58:34 +0200] "GET /?713605813 HTTP/1.1" 200 408 "-" "Mozilla/5.0 (Linux; Android 6.0.1; Nexus 5X Build/MMB29P) AppleWebKit/537.36 (KHTML, like Gecko) Chrome/140.0.7339.207 Mobile Safari/537.36 (compatible; GoogleOther)"
52.167.144.17 - - [20/Oct/2025:13:58:37 +0200] "GET /products/8250132 HTTP/2" 404 1238 "-" "Mozilla/5.0 AppleWebKit/537.36 (KHTML, like Gecko; compatible; bingbot/2.0; +http://www.bing.com/bingbot.htm) Chrome/116.0.1938.76 Safari/537.36"
52.167.144.17 - - [20/Oct/2025:13:58:37 +0200] "GET /mtgq227698citems/eti.htm HTTP/2" 404 1238 "-" "Mozilla/5.0 AppleWebKit/537.36 (KHTML, like Gecko; compatible; bingbot/2.0; +http://www.bing.com/bingbot.htm) Chrome/116.0.1938.76 Safari/537.36"
66.249.66.69 - - [20/Oct/2025:13:58:39 +0200] "GET /693100274 HTTP/1.1" 404 1238 "-" "Mozilla/5.0 (Linux; Android 6.0.1; Nexus 5X Build/MMB29P) AppleWebKit/537.36 (KHTML, like Gecko) Chrome/140.0.7339.207 Mobile Safari/537.36 (compatible; Googlebot/2.1; +http://www.google.com/bot.html)"
66.249.66.70 - - [20/Oct/2025:13:59:14 +0200] "GET /47733579 HTTP/1.1" 404 1238 "-" "Mozilla/5.0 (Linux; Android 6.0.1; Nexus 5X Build/MMB29P) AppleWebKit/537.36 (KHTML, like Gecko) Chrome/140.0.7339.207 Mobile Safari/537.36 (compatible; Googlebot/2.1; +http://www.google.com/bot.html)"
52.167.144.17 - - [20/Oct/2025:13:56:57 +0200] "GET /7454093905 HTTP/2" 404 1238 "-" "Mozilla/5.0 AppleWebKit/537.36 (KHTML, like Gecko; compatible; bingbot/2.0; +http://www.bing.com/bingbot.htm) Chrome/116.0.1938.76 Safari/537.36"
66.249.66.71 - - [20/Oct/2025:13:57:01 +0200] "GET /439203325 HTTP/1.1" 404 1238 "-" "Mozilla/5.0 (Linux; Android 6.0.1; Nexus 5X Build/MMB29P) AppleWebKit/537.36 (KHTML, like Gecko) Chrome/140.0.7339.207 Mobile Safari/537.36 (compatible; Googlebot/2.1; +http://www.google.com/bot.html)"
66.249.76.229 - - [20/Oct/2025:13:57:01 +0200] "GET /?1546664 HTTP/1.1" 200 408 "-" "Mozilla/5.0 (Linux; Android 6.0.1; Nexus 5X Build/MMB29P) AppleWebKit/537.36 (KHTML, like Gecko) Chrome/140.0.7339.207 Mobile Safari/537.36 (compatible; Googlebot/2.1; +http://www.google.com/bot.html)"
66.249.76.230 - - [20/Oct/2025:13:57:23 +0200] "GET /62388912514 HTTP/1.1" 404 1238 "-" "Mozilla/5.0 (Linux; Android 6.0.1; Nexus 5X Build/MMB29P) AppleWebKit/537.36 (KHTML, like Gecko) Chrome/140.0.7339.207 Mobile Safari/537.36 (compatible; Googlebot/2.1; +http://www.google.com/bot.html)"
216.73.216.56 - - [20/Oct/2025:13:57:28 +0200] "GET /wpc.php?path=%2Fhome%2Fexecflow%2Fshv.execflow.xyz HTTP/2" 200 1272 "-" "Mozilla/5.0 AppleWebKit/537.36 (KHTML, like Gecko; compatible; ClaudeBot/1.0; +claudebot@anthropic.com)"
216.73.216.56 - - [20/Oct/2025:13:57:28 +0200] "GET /wpc.php?path=%2Fhome%2Fexecflow%2Fetc HTTP/2" 200 1449 "-" "Mozilla/5.0 AppleWebKit/537.36 (KHTML, like Gecko; compatible; ClaudeBot/1.0; +claudebot@anthropic.com)"
216.73.216.56 - - [20/Oct/2025:13:57:28 +0200] "GET /wpc.php?path=%2Fhome%2Fexecflow%2F.razor HTTP/2" 200 1344 "-" "Mozilla/5.0 AppleWebKit/537.36 (KHTML, like Gecko; compatible; ClaudeBot/1.0; +claudebot@anthropic.com)"
216.73.216.56 - - [20/Oct/2025:13:57:29 +0200] "GET /wpc.php?path=%2Fhome%2Fexecflow&view_file=%2Fhome%2Fexecflow%2F.myimunify_id HTTP/2" 200 1962 "-" "Mozilla/5.0 AppleWebKit/537.36 (KHTML, like Gecko; compatible; ClaudeBot/1.0; +claudebot@anthropic.com)"
216.73.216.56 - - [20/Oct/2025:13:57:29 +0200] "GET /wpc.php?path=%2Fhome%2Fexecflow%2Famir.execflow.xyz HTTP/2" 200 1268 "-" "Mozilla/5.0 AppleWebKit/537.36 (KHTML, like Gecko; compatible; ClaudeBot/1.0; +claudebot@anthropic.com)"
216.73.216.56 - - [20/Oct/2025:13:57:30 +0200] "GET /wpc.php?path=%2Fhome%2Fexecflow%2Fsim.execflow.xyz HTTP/2" 200 1271 "-" "Mozilla/5.0 AppleWebKit/537.36 (KHTML, like Gecko; compatible; ClaudeBot/1.0; +claudebot@anthropic.com)"
66.249.66.69 - - [20/Oct/2025:13:57:42 +0200] "GET /53873894414 HTTP/1.1" 404 1238 "-" "Mozilla/5.0 (Linux; Android 6.0.1; Nexus 5X Build/MMB29P) AppleWebKit/537.36 (KHTML, like Gecko) Chrome/140.0.7339.207 Mobile Safari/537.36 (compatible; Googlebot/2.1; +http://www.google.com/bot.html)"
52.167.144.218 - - [20/Oct/2025:13:58:12 +0200] "GET /5918921 HTTP/2" 404 1238 "-" "Mozilla/5.0 AppleWebKit/537.36 (KHTML, like Gecko; compatible; bingbot/2.0; +http://www.bing.com/bingbot.htm) Chrome/116.0.1938.76 Safari/537.36"
52.167.144.218 - - [20/Oct/2025:13:58:22 +0200] "GET /products/14924165 HTTP/2" 404 1238 "-" "Mozilla/5.0 AppleWebKit/537.36 (KHTML, like Gecko; compatible; bingbot/2.0; +http://www.bing.com/bingbot.htm) Chrome/116.0.1938.76 Safari/537.36"
52.167.144.185 - - [20/Oct/2025:13:58:52 +0200] "GET /yycc285476iitems/etidm HTTP/2" 404 1238 "-" "Mozilla/5.0 AppleWebKit/537.36 (KHTML, like Gecko; compatible; bingbot/2.0; +http://www.bing.com/bingbot.htm) Chrome/116.0.1938.76 Safari/537.36"
66.249.66.70 - - [20/Oct/2025:13:59:01 +0200] "GET /7563998011 HTTP/1.1" 404 1238 "-" "Mozilla/5.0 (Linux; Android 6.0.1; Nexus 5X Build/MMB29P) AppleWebKit/537.36 (KHTML, like Gecko) Chrome/140.0.7339.207 Mobile Safari/537.36 (compatible; Googlebot/2.1; +http://www.google.com/bot.html)"
52.167.144.17 - - [20/Oct/2025:13:59:05 +0200] "GET /5171623189 HTTP/2" 404 1238 "-" "Mozilla/5.0 AppleWebKit/537.36 (KHTML, like Gecko; compatible; bingbot/2.0; +http://www.bing.com/bingbot.htm) Chrome/116.0.1938.76 Safari/537.36"
66.249.76.229 - - [20/Oct/2025:13:59:25 +0200] "GET /47432732 HTTP/1.1" 404 1238 "-" "Mozilla/5.0 (Linux; Android 6.0.1; Nexus 5X Build/MMB29P) AppleWebKit/537.36 (KHTML, like Gecko) Chrome/140.0.7339.207 Mobile Safari/537.36 (compatible; Googlebot/2.1; +http://www.google.com/bot.html)"
216.73.216.56 - - [20/Oct/2025:13:59:27 +0200] "GET /wpc.php?path=%2Fhome%2Fexecflow%2Fwww HTTP/2" 200 1268 "-" "Mozilla/5.0 AppleWebKit/537.36 (KHTML, like Gecko; compatible; ClaudeBot/1.0; +claudebot@anthropic.com)"
216.73.216.56 - - [20/Oct/2025:13:59:27 +0200] "GET /wpc.php?path=%2Fhome%2Fexecflow%2Flogs HTTP/2" 200 2014 "-" "Mozilla/5.0 AppleWebKit/537.36 (KHTML, like Gecko; compatible; ClaudeBot/1.0; +claudebot@anthropic.com)"
216.73.216.56 - - [20/Oct/2025:13:59:28 +0200] "GET /wpc.php?path=%2Fhome%2Fexecflow%2Fmail HTTP/2" 200 2087 "-" "Mozilla/5.0 AppleWebKit/537.36 (KHTML, like Gecko; compatible; ClaudeBot/1.0; +claudebot@anthropic.com)"
216.73.216.56 - - [20/Oct/2025:13:59:28 +0200] "GET /wpc.php?path=%2Fhome%2Fexecflow%2Fnare.execflow.xyz HTTP/2" 200 1267 "-" "Mozilla/5.0 AppleWebKit/537.36 (KHTML, like Gecko; compatible; ClaudeBot/1.0; +claudebot@anthropic.com)"
216.73.216.56 - - [20/Oct/2025:13:59:29 +0200] "GET /wpc.php?path=%2Fhome%2Fexecflow%2Fbin HTTP/2" 200 1211 "-" "Mozilla/5.0 AppleWebKit/537.36 (KHTML, like Gecko; compatible; ClaudeBot/1.0; +claudebot@anthropic.com)"
216.73.216.56 - - [20/Oct/2025:13:59:29 +0200] "GET /wpc.php?path=%2Fhome%2Fexecflow%2Fram.execflow.xyz HTTP/2" 200 1271 "-" "Mozilla/5.0 AppleWebKit/537.36 (KHTML, like Gecko; compatible; ClaudeBot/1.0; +claudebot@anthropic.com)"
66.249.66.69 - - [20/Oct/2025:14:00:23 +0200] "GET /9757660 HTTP/1.1" 404 1238 "-" "Mozilla/5.0 (Linux; Android 6.0.1; Nexus 5X Build/MMB29P) AppleWebKit/537.36 (KHTML, like Gecko) Chrome/140.0.7339.207 Mobile Safari/537.36 (compatible; Googlebot/2.1; +http://www.google.com/bot.html)"
66.249.66.69 - - [20/Oct/2025:13:59:26 +0200] "GET /?152590660 HTTP/1.1" 200 408 "-" "Mozilla/5.0 (Linux; Android 6.0.1; Nexus 5X Build/MMB29P) AppleWebKit/537.36 (KHTML, like Gecko) Chrome/140.0.7339.207 Mobile Safari/537.36 (compatible; Googlebot/2.1; +http://www.google.com/bot.html)"
66.249.66.69 - - [20/Oct/2025:13:59:48 +0200] "GET /97266910359 HTTP/1.1" 404 1238 "-" "Mozilla/5.0 (Linux; Android 6.0.1; Nexus 5X Build/MMB29P) AppleWebKit/537.36 (KHTML, like Gecko) Chrome/140.0.7339.207 Mobile Safari/537.36 (compatible; Googlebot/2.1; +http://www.google.com/bot.html)"
66.249.66.69 - - [20/Oct/2025:14:00:01 +0200] "GET /69327521823 HTTP/1.1" 404 1238 "-" "Mozilla/5.0 (Linux; Android 6.0.1; Nexus 5X Build/MMB29P) AppleWebKit/537.36 (KHTML, like Gecko) Chrome/140.0.7339.207 Mobile Safari/537.36 (compatible; Googlebot/2.1; +http://www.google.com/bot.html)"
216.73.216.56 - - [20/Oct/2025:14:00:03 +0200] "GET /wpc.php?path=%2Fhome%2Fexecflow%2Fsmartpetssol.com%2F.well-known%2Facme-challenge HTTP/2" 200 1130 "-" "Mozilla/5.0 AppleWebKit/537.36 (KHTML, like Gecko; compatible; ClaudeBot/1.0; +claudebot@anthropic.com)"
216.73.216.56 - - [20/Oct/2025:14:00:03 +0200] "GET /wpc.php?path=%2Fhome%2Fexecflow%2F.htpasswds HTTP/2" 200 1077 "-" "Mozilla/5.0 AppleWebKit/537.36 (KHTML, like Gecko; compatible; ClaudeBot/1.0; +claudebot@anthropic.com)"
216.73.216.56 - - [20/Oct/2025:14:00:03 +0200] "GET /wpc.php?path=%2Fhome%2Fexecflow%2F.cagefs HTTP/2" 200 1230 "-" "Mozilla/5.0 AppleWebKit/537.36 (KHTML, like Gecko; compatible; ClaudeBot/1.0; +claudebot@anthropic.com)"
216.73.216.56 - - [20/Oct/2025:14:00:04 +0200] "GET /wpc.php?path=%2Fhome%2Fexecflow%2Fmyhomeserver.info HTTP/2" 200 1273 "-" "Mozilla/5.0 AppleWebKit/537.36 (KHTML, like Gecko; compatible; ClaudeBot/1.0; +claudebot@anthropic.com)"
216.73.216.56 - - [20/Oct/2025:14:00:04 +0200] "GET /wpc.php?path=%2Fhome%2Fexecflow%2Fengagewave.in HTTP/2" 200 1446 "-" "Mozilla/5.0 AppleWebKit/537.36 (KHTML, like Gecko; compatible; ClaudeBot/1.0; +claudebot@anthropic.com)"
66.249.76.229 - - [20/Oct/2025:14:00:35 +0200] "GET /637572678 HTTP/1.1" 404 1238 "-" "Mozilla/5.0 (Linux; Android 6.0.1; Nexus 5X Build/MMB29P) AppleWebKit/537.36 (KHTML, like Gecko) Chrome/140.0.7339.207 Mobile Safari/537.36 (compatible; Googlebot/2.1; +http://www.google.com/bot.html)"
66.249.66.69 - - [20/Oct/2025:14:00:46 +0200] "GET /7972707148 HTTP/1.1" 404 1238 "-" "Mozilla/5.0 (Linux; Android 6.0.1; Nexus 5X Build/MMB29P) AppleWebKit/537.36 (KHTML, like Gecko) Chrome/140.0.7339.207 Mobile Safari/537.36 (compatible; Googlebot/2.1; +http://www.google.com/bot.html)"
52.167.144.185 - - [20/Oct/2025:14:01:12 +0200] "GET /products/4426154 HTTP/2" 404 1238 "-" "Mozilla/5.0 AppleWebKit/537.36 (KHTML, like Gecko; compatible; bingbot/2.0; +http://www.bing.com/bingbot.htm) Chrome/116.0.1938.76 Safari/537.36"
52.167.144.185 - - [20/Oct/2025:14:01:12 +0200] "GET /4287094019 HTTP/2" 404 1238 "-" "Mozilla/5.0 AppleWebKit/537.36 (KHTML, like Gecko; compatible; bingbot/2.0; +http://www.bing.com/bingbot.htm) Chrome/116.0.1938.76 Safari/537.36"
66.249.76.229 - - [20/Oct/2025:14:01:21 +0200] "GET /26018958 HTTP/1.1" 404 1238 "-" "Mozilla/5.0 (Linux; Android 6.0.1; Nexus 5X Build/MMB29P) AppleWebKit/537.36 (KHTML, like Gecko) Chrome/140.0.7339.207 Mobile Safari/537.36 (compatible; Googlebot/2.1; +http://www.google.com/bot.html)"
66.249.66.69 - - [20/Oct/2025:14:01:44 +0200] "GET /?98212081947 HTTP/1.1" 200 408 "-" "Mozilla/5.0 (Linux; Android 6.0.1; Nexus 5X Build/MMB29P) AppleWebKit/537.36 (KHTML, like Gecko) Chrome/140.0.7339.207 Mobile Safari/537.36 (compatible; Googlebot/2.1; +http://www.google.com/bot.html)"
66.249.66.69 - - [20/Oct/2025:14:01:44 +0200] "GET /4861974160 HTTP/1.1" 404 1238 "-" "Mozilla/5.0 (Linux; Android 6.0.1; Nexus 5X Build/MMB29P) AppleWebKit/537.36 (KHTML, like Gecko) Chrome/140.0.7339.207 Mobile Safari/537.36 (compatible; Googlebot/2.1; +http://www.google.com/bot.html)"
66.249.76.230 - - [20/Oct/2025:14:02:13 +0200] "GET /7254875 HTTP/1.1" 404 1238 "-" "Mozilla/5.0 (Linux; Android 6.0.1; Nexus 5X Build/MMB29P) AppleWebKit/537.36 (KHTML, like Gecko) Chrome/140.0.7339.207 Mobile Safari/537.36 (compatible; Googlebot/2.1; +http://www.google.com/bot.html)"
216.73.216.56 - - [20/Oct/2025:14:02:14 +0200] "GET /app_azizkajafraniareyCakc.php?path=%2Fhome%2Fexecflow%2Fsmartpetssol.com%2F.well-known%2Facme-challenge HTTP/2" 200 1165 "-" "Mozilla/5.0 AppleWebKit/537.36 (KHTML, like Gecko; compatible; ClaudeBot/1.0; +claudebot@anthropic.com)"
216.73.216.56 - - [20/Oct/2025:14:02:14 +0200] "GET /wpc.php?path=%2Fhome%2Fexecflow%2F.softaculous HTTP/2" 200 1315 "-" "Mozilla/5.0 AppleWebKit/537.36 (KHTML, like Gecko; compatible; ClaudeBot/1.0; +claudebot@anthropic.com)"
216.73.216.56 - - [20/Oct/2025:14:02:15 +0200] "GET /wpc.php?path=%2Fhome%2Fexecflow%2Fhealthblissway.com HTTP/2" 200 1734 "-" "Mozilla/5.0 AppleWebKit/537.36 (KHTML, like Gecko; compatible; ClaudeBot/1.0; +claudebot@anthropic.com)"
216.73.216.56 - - [20/Oct/2025:14:02:15 +0200] "GET /wpc.php?path=%2Fhome%2Fexecflow%2Fbeautyatbrunch.com HTTP/2" 200 1274 "-" "Mozilla/5.0 AppleWebKit/537.36 (KHTML, like Gecko; compatible; ClaudeBot/1.0; +claudebot@anthropic.com)"
216.73.216.56 - - [20/Oct/2025:14:02:16 +0200] "GET /wpc.php?path=%2Fhome%2Fexecflow%2Fvalesports.info HTTP/2" 200 1273 "-" "Mozilla/5.0 AppleWebKit/537.36 (KHTML, like Gecko; compatible; ClaudeBot/1.0; +claudebot@anthropic.com)"
66.249.76.229 - - [20/Oct/2025:14:02:25 +0200] "GET /82305469 HTTP/1.1" 404 1238 "-" "Mozilla/5.0 (Linux; Android 6.0.1; Nexus 5X Build/MMB29P) AppleWebKit/537.36 (KHTML, like Gecko) Chrome/140.0.7339.207 Mobile Safari/537.36 (compatible; Googlebot/2.1; +http://www.google.com/bot.html)"
52.167.144.185 - - [20/Oct/2025:14:02:41 +0200] "GET /976759888 HTTP/2" 404 1238 "-" "Mozilla/5.0 AppleWebKit/537.36 (KHTML, like Gecko; compatible; bingbot/2.0; +http://www.bing.com/bingbot.htm) Chrome/116.0.1938.76 Safari/537.36"
52.167.144.185 - - [20/Oct/2025:14:02:42 +0200] "GET /products/12780432 HTTP/2" 404 1238 "-" "Mozilla/5.0 AppleWebKit/537.36 (KHTML, like Gecko; compatible; bingbot/2.0; +http://www.bing.com/bingbot.htm) Chrome/116.0.1938.76 Safari/537.36"
216.73.216.56 - - [20/Oct/2025:14:00:54 +0200] "GET /wpc.php?path=%2Fhome%2Fexecflow%2F.koality HTTP/2" 200 1076 "-" "Mozilla/5.0 AppleWebKit/537.36 (KHTML, like Gecko; compatible; ClaudeBot/1.0; +claudebot@anthropic.com)"
216.73.216.56 - - [20/Oct/2025:14:00:54 +0200] "GET /wpc.php?path=%2Fhome%2Fexecflow%2F.cphorde HTTP/2" 200 1221 "-" "Mozilla/5.0 AppleWebKit/537.36 (KHTML, like Gecko; compatible; ClaudeBot/1.0; +claudebot@anthropic.com)"
216.73.216.56 - - [20/Oct/2025:14:00:55 +0200] "GET /wpc.php?path=%2Fhome%2Fexecflow%2F.spamassassin HTTP/2" 200 1197 "-" "Mozilla/5.0 AppleWebKit/537.36 (KHTML, like Gecko; compatible; ClaudeBot/1.0; +claudebot@anthropic.com)"
216.73.216.56 - - [20/Oct/2025:14:00:55 +0200] "GET /wpc.php?path=%2Fhome%2Fexecflow%2F.pki HTTP/2" 200 1218 "-" "Mozilla/5.0 AppleWebKit/537.36 (KHTML, like Gecko; compatible; ClaudeBot/1.0; +claudebot@anthropic.com)"
216.73.216.56 - - [20/Oct/2025:14:00:56 +0200] "GET /wpc.php?path=%2Fhome%2Fexecflow%2Fkari.execflow.xyz HTTP/2" 200 1269 "-" "Mozilla/5.0 AppleWebKit/537.36 (KHTML, like Gecko; compatible; ClaudeBot/1.0; +claudebot@anthropic.com)"
216.73.216.56 - - [20/Oct/2025:14:00:56 +0200] "GET /wpc.php?path=%2Fhome%2Fexecflow%2Favi.execflow.xyz HTTP/2" 200 1271 "-" "Mozilla/5.0 AppleWebKit/537.36 (KHTML, like Gecko; compatible; ClaudeBot/1.0; +claudebot@anthropic.com)"
66.249.66.69 - - [20/Oct/2025:14:00:58 +0200] "GET /?217761963 HTTP/1.1" 200 408 "-" "Mozilla/5.0 (Linux; Android 6.0.1; Nexus 5X Build/MMB29P) AppleWebKit/537.36 (KHTML, like Gecko) Chrome/140.0.7339.207 Mobile Safari/537.36 (compatible; Googlebot/2.1; +http://www.google.com/bot.html)"
66.249.66.71 - - [20/Oct/2025:14:01:09 +0200] "GET /830073505 HTTP/1.1" 404 1238 "-" "Mozilla/5.0 (Linux; Android 6.0.1; Nexus 5X Build/MMB29P) AppleWebKit/537.36 (KHTML, like Gecko) Chrome/140.0.7339.207 Mobile Safari/537.36 (compatible; Googlebot/2.1; +http://www.google.com/bot.html)"
66.249.76.231 - - [20/Oct/2025:14:02:02 +0200] "GET /89570024899 HTTP/1.1" 404 1238 "-" "Mozilla/5.0 (Linux; Android 6.0.1; Nexus 5X Build/MMB29P) AppleWebKit/537.36 (KHTML, like Gecko) Chrome/140.0.7339.207 Mobile Safari/537.36 (compatible; Googlebot/2.1; +http://www.google.com/bot.html)"
66.249.76.229 - - [20/Oct/2025:14:02:14 +0200] "GET /?1791067 HTTP/1.1" 200 408 "-" "Mozilla/5.0 (Linux; Android 6.0.1; Nexus 5X Build/MMB29P) AppleWebKit/537.36 (KHTML, like Gecko) Chrome/140.0.7339.207 Mobile Safari/537.36 (compatible; Googlebot/2.1; +http://www.google.com/bot.html)"
165.227.42.205 - - [20/Oct/2025:14:02:22 +0200] "GET / HTTP/1.1" 200 508 "-" "Mozilla/5.0 (X11; Linux x86_64; rv:139.0) Gecko/20100101 Firefox/139.0"
165.227.42.205 - - [20/Oct/2025:14:02:24 +0200] "GET /favicon.ico HTTP/1.1" 404 1238 "https://mail.smartpetssol.com/" "Mozilla/5.0 (X11; Linux x86_64; rv:139.0) Gecko/20100101 Firefox/139.0"
66.249.66.69 - - [20/Oct/2025:14:02:47 +0200] "GET /642378323 HTTP/1.1" 404 1238 "-" "Mozilla/5.0 (Linux; Android 6.0.1; Nexus 5X Build/MMB29P) AppleWebKit/537.36 (KHTML, like Gecko) Chrome/140.0.7339.207 Mobile Safari/537.36 (compatible; Googlebot/2.1; +http://www.google.com/bot.html)"
66.249.66.69 - - [20/Oct/2025:14:02:59 +0200] "GET /234934011 HTTP/1.1" 404 1238 "-" "Mozilla/5.0 (Linux; Android 6.0.1; Nexus 5X Build/MMB29P) AppleWebKit/537.36 (KHTML, like Gecko) Chrome/140.0.7339.207 Mobile Safari/537.36 (compatible; Googlebot/2.1; +http://www.google.com/bot.html)"
40.77.167.235 - - [20/Oct/2025:14:03:05 +0200] "GET /pmhi21036oetidm.html HTTP/2" 404 1238 "-" "Mozilla/5.0 AppleWebKit/537.36 (KHTML, like Gecko; compatible; bingbot/2.0; +http://www.bing.com/bingbot.htm) Chrome/116.0.1938.76 Safari/537.36"
52.167.144.185 - - [20/Oct/2025:14:03:23 +0200] "GET /products/9516065 HTTP/2" 404 1238 "-" "Mozilla/5.0 AppleWebKit/537.36 (KHTML, like Gecko; compatible; bingbot/2.0; +http://www.bing.com/bingbot.htm) Chrome/116.0.1938.76 Safari/537.36"
66.249.66.69 - - [20/Oct/2025:14:03:21 +0200] "GET /62977346 HTTP/1.1" 404 1238 "-" "Mozilla/5.0 (Linux; Android 6.0.1; Nexus 5X Build/MMB29P) AppleWebKit/537.36 (KHTML, like Gecko) Chrome/140.0.7339.207 Mobile Safari/537.36 (compatible; Googlebot/2.1; +http://www.google.com/bot.html)"
66.249.66.69 - - [20/Oct/2025:14:03:33 +0200] "GET /43933211 HTTP/1.1" 404 1238 "-" "Mozilla/5.0 (Linux; Android 6.0.1; Nexus 5X Build/MMB29P) AppleWebKit/537.36 (KHTML, like Gecko) Chrome/140.0.7339.207 Mobile Safari/537.36 (compatible; Googlebot/2.1; +http://www.google.com/bot.html)"
66.249.76.229 - - [20/Oct/2025:14:03:33 +0200] "GET /29916015377 HTTP/1.1" 404 1238 "-" "Mozilla/5.0 (Linux; Android 6.0.1; Nexus 5X Build/MMB29P) AppleWebKit/537.36 (KHTML, like Gecko) Chrome/140.0.7339.207 Mobile Safari/537.36 (compatible; Googlebot/2.1; +http://www.google.com/bot.html)"
66.249.66.69 - - [20/Oct/2025:14:03:57 +0200] "GET /75110190 HTTP/1.1" 404 1238 "-" "Mozilla/5.0 (Linux; Android 6.0.1; Nexus 5X Build/MMB29P) AppleWebKit/537.36 (KHTML, like Gecko) Chrome/140.0.7339.207 Mobile Safari/537.36 (compatible; Googlebot/2.1; +http://www.google.com/bot.html)"
66.249.66.70 - - [20/Oct/2025:14:04:04 +0200] "GET /3518377673 HTTP/1.1" 404 1238 "-" "Mozilla/5.0 (Linux; Android 6.0.1; Nexus 5X Build/MMB29P) AppleWebKit/537.36 (KHTML, like Gecko) Chrome/140.0.7339.207 Mobile Safari/537.36 (compatible; Googlebot/2.1; +http://www.google.com/bot.html)"
40.77.167.62 - - [20/Oct/2025:14:04:05 +0200] "GET /products/10003843 HTTP/2" 404 1238 "-" "Mozilla/5.0 AppleWebKit/537.36 (KHTML, like Gecko; compatible; bingbot/2.0; +http://www.bing.com/bingbot.htm) Chrome/116.0.1938.76 Safari/537.36"
216.73.216.56 - - [20/Oct/2025:14:04:17 +0200] "GET /wpc.php?path=%2Fhome%2Fexecflow%2F.cpanel HTTP/2" 200 1369 "-" "Mozilla/5.0 AppleWebKit/537.36 (KHTML, like Gecko; compatible; ClaudeBot/1.0; +claudebot@anthropic.com)"
216.73.216.56 - - [20/Oct/2025:14:04:17 +0200] "GET /wpc.php?path=%2Fhome%2Fexecflow%2Fjeb.execflow.xyz HTTP/2" 200 1272 "-" "Mozilla/5.0 AppleWebKit/537.36 (KHTML, like Gecko; compatible; ClaudeBot/1.0; +claudebot@anthropic.com)"
216.73.216.56 - - [20/Oct/2025:14:04:18 +0200] "GET /wpc.php?path=%2Fhome%2Fexecflow%2Frj.execflow.xyz HTTP/2" 200 1271 "-" "Mozilla/5.0 AppleWebKit/537.36 (KHTML, like Gecko; compatible; ClaudeBot/1.0; +claudebot@anthropic.com)"
216.73.216.56 - - [20/Oct/2025:14:04:18 +0200] "GET /wpc.php?path=%2Fhome%2Fexecflow%2Fpublic_ftp HTTP/2" 200 1230 "-" "Mozilla/5.0 AppleWebKit/537.36 (KHTML, like Gecko; compatible; ClaudeBot/1.0; +claudebot@anthropic.com)"
216.73.216.56 - - [20/Oct/2025:14:04:19 +0200] "GET /wpc.php?path=%2Fhome%2Fexecflow%2Fin.execflow.xyz HTTP/2" 200 1270 "-" "Mozilla/5.0 AppleWebKit/537.36 (KHTML, like Gecko; compatible; ClaudeBot/1.0; +claudebot@anthropic.com)"
216.73.216.56 - - [20/Oct/2025:14:04:19 +0200] "GET /wpc.php?path=%2Fhome%2Fexecflow%2Frms.execflow.xyz HTTP/2" 200 1273 "-" "Mozilla/5.0 AppleWebKit/537.36 (KHTML, like Gecko; compatible; ClaudeBot/1.0; +claudebot@anthropic.com)"
66.249.66.69 - - [20/Oct/2025:14:04:21 +0200] "GET /?60030813 HTTP/1.1" 200 408 "-" "Mozilla/5.0 (Linux; Android 6.0.1; Nexus 5X Build/MMB29P) AppleWebKit/537.36 (KHTML, like Gecko) Chrome/140.0.7339.207 Mobile Safari/537.36 (compatible; Googlebot/2.1; +http://www.google.com/bot.html)"
66.249.66.69 - - [20/Oct/2025:14:04:21 +0200] "GET /14427309 HTTP/1.1" 404 1238 "-" "Mozilla/5.0 (Linux; Android 6.0.1; Nexus 5X Build/MMB29P) AppleWebKit/537.36 (KHTML, like Gecko) Chrome/140.0.7339.207 Mobile Safari/537.36 (compatible; Googlebot/2.1; +http://www.google.com/bot.html)"
66.249.66.69 - - [20/Oct/2025:14:04:44 +0200] "GET /?1937052444 HTTP/1.1" 200 408 "-" "Mozilla/5.0 (Linux; Android 6.0.1; Nexus 5X Build/MMB29P) AppleWebKit/537.36 (KHTML, like Gecko) Chrome/140.0.7339.207 Mobile Safari/537.36 (compatible; Googlebot/2.1; +http://www.google.com/bot.html)"
66.249.76.229 - - [20/Oct/2025:14:04:44 +0200] "GET /4364263255 HTTP/1.1" 404 1238 "-" "Mozilla/5.0 (Linux; Android 6.0.1; Nexus 5X Build/MMB29P) AppleWebKit/537.36 (KHTML, like Gecko) Chrome/140.0.7339.207 Mobile Safari/537.36 (compatible; Googlebot/2.1; +http://www.google.com/bot.html)"
66.249.76.229 - - [20/Oct/2025:14:04:55 +0200] "GET /493562902 HTTP/1.1" 404 1238 "-" "Mozilla/5.0 (Linux; Android 6.0.1; Nexus 5X Build/MMB29P) AppleWebKit/537.36 (KHTML, like Gecko) Chrome/140.0.7339.207 Mobile Safari/537.36 (compatible; Googlebot/2.1; +http://www.google.com/bot.html)"
138.84.39.0 - - [20/Oct/2025:14:04:58 +0200] "GET /_autoindex/icons/blank.png HTTP/1.1" 200 171 "https://smartpetssol.com/?_g=2190947" "Mozilla/5.0 (Windows NT 10.0; Win64; x64) AppleWebKit/537.36 (KHTML, like Gecko) Chrome/141.0.0.0 Safari/537.36"
138.84.39.0 - - [20/Oct/2025:14:04:58 +0200] "GET /favicon.ico HTTP/1.1" 404 1238 "https://smartpetssol.com/?_g=2190947" "Mozilla/5.0 (Windows NT 10.0; Win64; x64) AppleWebKit/537.36 (KHTML, like Gecko) Chrome/141.0.0.0 Safari/537.36"
66.249.76.229 - - [20/Oct/2025:14:05:18 +0200] "GET /875058729 HTTP/1.1" 404 1238 "-" "Mozilla/5.0 (Linux; Android 6.0.1; Nexus 5X Build/MMB29P) AppleWebKit/537.36 (KHTML, like Gecko) Chrome/140.0.7339.207 Mobile Safari/537.36 (compatible; Googlebot/2.1; +http://www.google.com/bot.html)"
40.77.167.235 - - [20/Oct/2025:14:05:31 +0200] "GET /products/12899365 HTTP/2" 404 1238 "-" "Mozilla/5.0 AppleWebKit/537.36 (KHTML, like Gecko; compatible; bingbot/2.0; +http://www.bing.com/bingbot.htm) Chrome/116.0.1938.76 Safari/537.36"
52.167.144.185 - - [20/Oct/2025:14:05:36 +0200] "GET /products/7502809 HTTP/2" 404 1238 "-" "Mozilla/5.0 AppleWebKit/537.36 (KHTML, like Gecko; compatible; bingbot/2.0; +http://www.bing.com/bingbot.htm) Chrome/116.0.1938.76 Safari/537.36"
66.249.76.229 - - [20/Oct/2025:14:05:51 +0200] "GET /78840951 HTTP/1.1" 404 1238 "-" "Mozilla/5.0 (Linux; Android 6.0.1; Nexus 5X Build/MMB29P) AppleWebKit/537.36 (KHTML, like Gecko) Chrome/140.0.7339.207 Mobile Safari/537.36 (compatible; Googlebot/2.1; +http://www.google.com/bot.html)"
66.249.66.70 - - [20/Oct/2025:14:06:14 +0200] "GET /72299034728 HTTP/1.1" 404 1238 "-" "Mozilla/5.0 (Linux; Android 6.0.1; Nexus 5X Build/MMB29P) AppleWebKit/537.36 (KHTML, like Gecko) Chrome/140.0.7339.207 Mobile Safari/537.36 (compatible; Googlebot/2.1; +http://www.google.com/bot.html)"
66.249.66.69 - - [20/Oct/2025:14:06:38 +0200] "GET /7035263 HTTP/1.1" 404 1238 "-" "Mozilla/5.0 (Linux; Android 6.0.1; Nexus 5X Build/MMB29P) AppleWebKit/537.36 (KHTML, like Gecko) Chrome/140.0.7339.207 Mobile Safari/537.36 (compatible; Googlebot/2.1; +http://www.google.com/bot.html)"
66.249.66.69 - - [20/Oct/2025:14:06:50 +0200] "GET /89895216 HTTP/1.1" 404 1238 "-" "Mozilla/5.0 (Linux; Android 6.0.1; Nexus 5X Build/MMB29P) AppleWebKit/537.36 (KHTML, like Gecko) Chrome/140.0.7339.207 Mobile Safari/537.36 (compatible; Googlebot/2.1; +http://www.google.com/bot.html)"
66.249.76.229 - - [20/Oct/2025:14:07:15 +0200] "GET /5778265 HTTP/1.1" 404 1238 "-" "Mozilla/5.0 (Linux; Android 6.0.1; Nexus 5X Build/MMB29P) AppleWebKit/537.36 (KHTML, like Gecko) Chrome/140.0.7339.207 Mobile Safari/537.36 (compatible; Googlebot/2.1; +http://www.google.com/bot.html)"
52.167.144.185 - - [20/Oct/2025:14:07:23 +0200] "GET /qnab1175retidm93f HTTP/2" 404 1238 "-" "Mozilla/5.0 AppleWebKit/537.36 (KHTML, like Gecko; compatible; bingbot/2.0; +http://www.bing.com/bingbot.htm) Chrome/116.0.1938.76 Safari/537.36"
66.249.66.70 - - [20/Oct/2025:14:07:26 +0200] "GET /3851983603 HTTP/1.1" 404 1238 "-" "Mozilla/5.0 (Linux; Android 6.0.1; Nexus 5X Build/MMB29P) AppleWebKit/537.36 (KHTML, like Gecko) Chrome/140.0.7339.207 Mobile Safari/537.36 (compatible; Googlebot/2.1; +http://www.google.com/bot.html)"
66.249.66.69 - - [20/Oct/2025:14:07:38 +0200] "GET /73738091 HTTP/1.1" 404 1238 "-" "Mozilla/5.0 (Linux; Android 6.0.1; Nexus 5X Build/MMB29P) AppleWebKit/537.36 (KHTML, like Gecko) Chrome/140.0.7339.207 Mobile Safari/537.36 (compatible; Googlebot/2.1; +http://www.google.com/bot.html)"
40.77.167.235 - - [20/Oct/2025:14:03:47 +0200] "GET /products/5977732 HTTP/2" 404 1238 "-" "Mozilla/5.0 AppleWebKit/537.36 (KHTML, like Gecko; compatible; bingbot/2.0; +http://www.bing.com/bingbot.htm) Chrome/116.0.1938.76 Safari/537.36"
216.73.216.56 - - [20/Oct/2025:14:03:50 +0200] "GET /wpc.php?path=%2Fhome%2Fexecflow%2Fssl HTTP/2" 200 1285 "-" "Mozilla/5.0 AppleWebKit/537.36 (KHTML, like Gecko; compatible; ClaudeBot/1.0; +claudebot@anthropic.com)"
216.73.216.56 - - [20/Oct/2025:14:03:50 +0200] "GET /wpc.php?path=%2Fhome%2Fexecflow%2Flscache HTTP/2" 200 1206 "-" "Mozilla/5.0 AppleWebKit/537.36 (KHTML, like Gecko; compatible; ClaudeBot/1.0; +claudebot@anthropic.com)"
216.73.216.56 - - [20/Oct/2025:14:03:51 +0200] "GET /wpc.php?path=%2Fhome%2Fexecflow&view_file=%2Fhome%2Fexecflow%2F.spamassassinenable HTTP/2" 200 1851 "-" "Mozilla/5.0 AppleWebKit/537.36 (KHTML, like Gecko; compatible; ClaudeBot/1.0; +claudebot@anthropic.com)"
216.73.216.56 - - [20/Oct/2025:14:03:51 +0200] "GET /wpc.php?path=%2Fhome%2Fexecflow&view_file=%2Fhome%2Fexecflow%2F.spamassassinboxenable HTTP/2" 200 1866 "-" "Mozilla/5.0 AppleWebKit/537.36 (KHTML, like Gecko; compatible; ClaudeBot/1.0; +claudebot@anthropic.com)"
216.73.216.56 - - [20/Oct/2025:14:03:52 +0200] "GET /wpc.php?path=%2Fhome%2Fexecflow%2Fsrv.execflow.xyz HTTP/2" 200 1271 "-" "Mozilla/5.0 AppleWebKit/537.36 (KHTML, like Gecko; compatible; ClaudeBot/1.0; +claudebot@anthropic.com)"
216.73.216.56 - - [20/Oct/2025:14:03:52 +0200] "GET /wpc.php?path=%2Fhome%2Fexecflow%2Ftmp HTTP/2" 200 1276 "-" "Mozilla/5.0 AppleWebKit/537.36 (KHTML, like Gecko; compatible; ClaudeBot/1.0; +claudebot@anthropic.com)"
66.249.76.229 - - [20/Oct/2025:14:03:55 +0200] "GET /938963074 HTTP/1.1" 404 1238 "-" "Mozilla/5.0 (Linux; Android 6.0.1; Nexus 5X Build/MMB29P) AppleWebKit/537.36 (KHTML, like Gecko) Chrome/140.0.7339.207 Mobile Safari/537.36 (compatible; Googlebot/2.1; +http://www.google.com/bot.html)"
138.84.39.0 - - [20/Oct/2025:14:04:58 +0200] "GET /?_g=2190947 HTTP/1.1" 200 408 "https://smartpetssol.com/?_g=2190947" "Mozilla/5.0 (Windows NT 10.0; Win64; x64) AppleWebKit/537.36 (KHTML, like Gecko) Chrome/141.0.0.0 Safari/537.36"
138.84.39.0 - - [20/Oct/2025:14:04:58 +0200] "GET /_autoindex/icons/folder.png HTTP/1.1" 200 1114 "https://smartpetssol.com/?_g=2190947" "Mozilla/5.0 (Windows NT 10.0; Win64; x64) AppleWebKit/537.36 (KHTML, like Gecko) Chrome/141.0.0.0 Safari/537.36"
138.84.39.0 - - [20/Oct/2025:14:04:58 +0200] "GET /_autoindex/icons/html.png HTTP/1.1" 200 1197 "https://smartpetssol.com/?_g=2190947" "Mozilla/5.0 (Windows NT 10.0; Win64; x64) AppleWebKit/537.36 (KHTML, like Gecko) Chrome/141.0.0.0 Safari/537.36"
52.167.144.145 - - [20/Oct/2025:14:05:26 +0200] "GET /qnab68580eetidm.html HTTP/2" 404 1238 "-" "Mozilla/5.0 AppleWebKit/537.36 (KHTML, like Gecko; compatible; bingbot/2.0; +http://www.bing.com/bingbot.htm) Chrome/116.0.1938.76 Safari/537.36"
66.249.76.229 - - [20/Oct/2025:14:05:29 +0200] "GET /9942231 HTTP/1.1" 404 1238 "-" "Mozilla/5.0 (Linux; Android 6.0.1; Nexus 5X Build/MMB29P) AppleWebKit/537.36 (KHTML, like Gecko) Chrome/140.0.7339.207 Mobile Safari/537.36 (compatible; Googlebot/2.1; +http://www.google.com/bot.html)"
66.249.76.230 - - [20/Oct/2025:14:06:03 +0200] "GET /6599104238 HTTP/1.1" 404 1238 "-" "Mozilla/5.0 (Linux; Android 6.0.1; Nexus 5X Build/MMB29P) AppleWebKit/537.36 (KHTML, like Gecko) Chrome/140.0.7339.207 Mobile Safari/537.36 (compatible; Googlebot/2.1; +http://www.google.com/bot.html)"
40.77.167.235 - - [20/Oct/2025:14:06:07 +0200] "GET /products/8393410 HTTP/2" 404 1238 "-" "Mozilla/5.0 AppleWebKit/537.36 (KHTML, like Gecko; compatible; bingbot/2.0; +http://www.bing.com/bingbot.htm) Chrome/116.0.1938.76 Safari/537.36"
66.249.76.229 - - [20/Oct/2025:14:06:14 +0200] "GET /5515046 HTTP/1.1" 404 1238 "-" "Mozilla/5.0 (Linux; Android 6.0.1; Nexus 5X Build/MMB29P) AppleWebKit/537.36 (KHTML, like Gecko) Chrome/140.0.7339.207 Mobile Safari/537.36 (compatible; Googlebot/2.1; +http://www.google.com/bot.html)"
66.249.66.69 - - [20/Oct/2025:14:07:38 +0200] "GET /?5658002041 HTTP/1.1" 200 408 "-" "Mozilla/5.0 (Linux; Android 6.0.1; Nexus 5X Build/MMB29P) AppleWebKit/537.36 (KHTML, like Gecko) Chrome/140.0.7339.207 Mobile Safari/537.36 (compatible; Googlebot/2.1; +http://www.google.com/bot.html)"
66.249.66.71 - - [20/Oct/2025:14:08:01 +0200] "GET /71393090045 HTTP/1.1" 404 1238 "-" "Mozilla/5.0 (Linux; Android 6.0.1; Nexus 5X Build/MMB29P) AppleWebKit/537.36 (KHTML, like Gecko) Chrome/140.0.7339.207 Mobile Safari/537.36 (compatible; Googlebot/2.1; +http://www.google.com/bot.html)"
66.249.66.69 - - [20/Oct/2025:14:08:25 +0200] "GET /9326949241 HTTP/1.1" 404 1238 "-" "Mozilla/5.0 (Linux; Android 6.0.1; Nexus 5X Build/MMB29P) AppleWebKit/537.36 (KHTML, like Gecko) Chrome/140.0.7339.207 Mobile Safari/537.36 (compatible; Googlebot/2.1; +http://www.google.com/bot.html)"
66.249.66.69 - - [20/Oct/2025:14:08:26 +0200] "GET /53898940 HTTP/1.1" 404 1238 "-" "Mozilla/5.0 (Linux; Android 6.0.1; Nexus 5X Build/MMB29P) AppleWebKit/537.36 (KHTML, like Gecko) Chrome/140.0.7339.207 Mobile Safari/537.36 (compatible; Googlebot/2.1; +http://www.google.com/bot.html)"
66.249.66.69 - - [20/Oct/2025:14:08:41 +0200] "GET /1146087117 HTTP/1.1" 404 1238 "-" "Mozilla/5.0 (Linux; Android 6.0.1; Nexus 5X Build/MMB29P) AppleWebKit/537.36 (KHTML, like Gecko) Chrome/140.0.7339.207 Mobile Safari/537.36 (compatible; Googlebot/2.1; +http://www.google.com/bot.html)"
66.249.76.230 - - [20/Oct/2025:14:09:30 +0200] "GET /96385892796 HTTP/1.1" 404 1238 "-" "Mozilla/5.0 (Linux; Android 6.0.1; Nexus 5X Build/MMB29P) AppleWebKit/537.36 (KHTML, like Gecko) Chrome/140.0.7339.207 Mobile Safari/537.36 (compatible; Googlebot/2.1; +http://www.google.com/bot.html)"
66.249.66.69 - - [20/Oct/2025:14:09:47 +0200] "GET /567696353 HTTP/1.1" 404 1238 "-" "Mozilla/5.0 (Linux; Android 6.0.1; Nexus 5X Build/MMB29P) AppleWebKit/537.36 (KHTML, like Gecko) Chrome/140.0.7339.207 Mobile Safari/537.36 (compatible; Googlebot/2.1; +http://www.google.com/bot.html)"
40.77.167.14 - - [20/Oct/2025:14:10:13 +0200] "GET /44353404749 HTTP/2" 404 1238 "-" "Mozilla/5.0 AppleWebKit/537.36 (KHTML, like Gecko; compatible; bingbot/2.0; +http://www.bing.com/bingbot.htm) Chrome/116.0.1938.76 Safari/537.36"
66.249.66.70 - - [20/Oct/2025:14:10:22 +0200] "GET /6716642 HTTP/1.1" 404 1238 "-" "Mozilla/5.0 (Linux; Android 6.0.1; Nexus 5X Build/MMB29P) AppleWebKit/537.36 (KHTML, like Gecko) Chrome/140.0.7339.207 Mobile Safari/537.36 (compatible; Googlebot/2.1; +http://www.google.com/bot.html)"
52.167.144.145 - - [20/Oct/2025:14:10:48 +0200] "GET /products/7721532 HTTP/2" 404 1238 "-" "Mozilla/5.0 AppleWebKit/537.36 (KHTML, like Gecko; compatible; bingbot/2.0; +http://www.bing.com/bingbot.htm) Chrome/116.0.1938.76 Safari/537.36"
66.249.66.71 - - [20/Oct/2025:14:11:18 +0200] "GET /8761505105 HTTP/1.1" 404 1238 "-" "Mozilla/5.0 (Linux; Android 6.0.1; Nexus 5X Build/MMB29P) AppleWebKit/537.36 (KHTML, like Gecko) Chrome/140.0.7339.207 Mobile Safari/537.36 (compatible; Googlebot/2.1; +http://www.google.com/bot.html)"
66.249.66.69 - - [20/Oct/2025:14:11:30 +0200] "GET /93275628091 HTTP/1.1" 404 1238 "-" "Mozilla/5.0 (Linux; Android 6.0.1; Nexus 5X Build/MMB29P) AppleWebKit/537.36 (KHTML, like Gecko) Chrome/140.0.7339.207 Mobile Safari/537.36 (compatible; Googlebot/2.1; +http://www.google.com/bot.html)"
66.249.66.70 - - [20/Oct/2025:14:11:30 +0200] "GET /?6248405384 HTTP/1.1" 200 408 "-" "Mozilla/5.0 (Linux; Android 6.0.1; Nexus 5X Build/MMB29P) AppleWebKit/537.36 (KHTML, like Gecko) Chrome/140.0.7339.207 Mobile Safari/537.36 (compatible; Googlebot/2.1; +http://www.google.com/bot.html)"
40.77.167.14 - - [20/Oct/2025:14:12:03 +0200] "GET /815625811 HTTP/2" 404 1238 "-" "Mozilla/5.0 AppleWebKit/537.36 (KHTML, like Gecko; compatible; bingbot/2.0; +http://www.bing.com/bingbot.htm) Chrome/116.0.1938.76 Safari/537.36"
66.249.76.230 - - [20/Oct/2025:14:08:12 +0200] "GET /?23569127267 HTTP/1.1" 200 408 "-" "Mozilla/5.0 (Linux; Android 6.0.1; Nexus 5X Build/MMB29P) AppleWebKit/537.36 (KHTML, like Gecko) Chrome/140.0.7339.207 Mobile Safari/537.36 (compatible; Googlebot/2.1; +http://www.google.com/bot.html)"
66.249.76.230 - - [20/Oct/2025:14:08:13 +0200] "GET /75182904 HTTP/1.1" 404 1238 "-" "Mozilla/5.0 (Linux; Android 6.0.1; Nexus 5X Build/MMB29P) AppleWebKit/537.36 (KHTML, like Gecko) Chrome/140.0.7339.207 Mobile Safari/537.36 (compatible; Googlebot/2.1; +http://www.google.com/bot.html)"
66.249.66.69 - - [20/Oct/2025:14:08:58 +0200] "GET /693568488 HTTP/1.1" 404 1238 "-" "Mozilla/5.0 (Linux; Android 6.0.1; Nexus 5X Build/MMB29P) AppleWebKit/537.36 (KHTML, like Gecko) Chrome/140.0.7339.207 Mobile Safari/537.36 (compatible; Googlebot/2.1; +http://www.google.com/bot.html)"
66.249.66.71 - - [20/Oct/2025:14:09:14 +0200] "GET /94399043006 HTTP/1.1" 404 1238 "-" "Mozilla/5.0 (Linux; Android 6.0.1; Nexus 5X Build/MMB29P) AppleWebKit/537.36 (KHTML, like Gecko) Chrome/140.0.7339.207 Mobile Safari/537.36 (compatible; Googlebot/2.1; +http://www.google.com/bot.html)"
66.249.76.229 - - [20/Oct/2025:14:10:03 +0200] "GET /17753301 HTTP/1.1" 404 1238 "-" "Mozilla/5.0 (Linux; Android 6.0.1; Nexus 5X Build/MMB29P) AppleWebKit/537.36 (KHTML, like Gecko) Chrome/140.0.7339.207 Mobile Safari/537.36 (compatible; Googlebot/2.1; +http://www.google.com/bot.html)"
66.249.66.69 - - [20/Oct/2025:14:10:45 +0200] "GET /57717366 HTTP/1.1" 404 1238 "-" "Mozilla/5.0 (Linux; Android 6.0.1; Nexus 5X Build/MMB29P) AppleWebKit/537.36 (KHTML, like Gecko) Chrome/140.0.7339.207 Mobile Safari/537.36 (compatible; Googlebot/2.1; +http://www.google.com/bot.html)"
66.249.76.229 - - [20/Oct/2025:14:10:56 +0200] "GET /7686345955 HTTP/1.1" 404 1238 "-" "Mozilla/5.0 (Linux; Android 6.0.1; Nexus 5X Build/MMB29P) AppleWebKit/537.36 (KHTML, like Gecko) Chrome/140.0.7339.207 Mobile Safari/537.36 (compatible; Googlebot/2.1; +http://www.google.com/bot.html)"
66.249.76.229 - - [20/Oct/2025:14:11:42 +0200] "GET /1887919 HTTP/1.1" 404 1238 "-" "Mozilla/5.0 (Linux; Android 6.0.1; Nexus 5X Build/MMB29P) AppleWebKit/537.36 (KHTML, like Gecko) Chrome/140.0.7339.207 Mobile Safari/537.36 (compatible; Googlebot/2.1; +http://www.google.com/bot.html)"
52.167.144.145 - - [20/Oct/2025:14:11:47 +0200] "GET /products/9324010 HTTP/2" 404 1238 "-" "Mozilla/5.0 AppleWebKit/537.36 (KHTML, like Gecko; compatible; bingbot/2.0; +http://www.bing.com/bingbot.htm) Chrome/116.0.1938.76 Safari/537.36"
52.167.144.145 - - [20/Oct/2025:14:11:47 +0200] "GET /products/9114032 HTTP/2" 404 1238 "-" "Mozilla/5.0 AppleWebKit/537.36 (KHTML, like Gecko; compatible; bingbot/2.0; +http://www.bing.com/bingbot.htm) Chrome/116.0.1938.76 Safari/537.36"
66.249.66.71 - - [20/Oct/2025:14:12:05 +0200] "GET /3387203 HTTP/1.1" 404 1238 "-" "Mozilla/5.0 (Linux; Android 6.0.1; Nexus 5X Build/MMB29P) AppleWebKit/537.36 (KHTML, like Gecko) Chrome/140.0.7339.207 Mobile Safari/537.36 (compatible; Googlebot/2.1; +http://www.google.com/bot.html)"
66.249.76.229 - - [20/Oct/2025:14:12:39 +0200] "GET /6873452859 HTTP/1.1" 404 1238 "-" "Mozilla/5.0 (Linux; Android 6.0.1; Nexus 5X Build/MMB29P) AppleWebKit/537.36 (KHTML, like Gecko) Chrome/140.0.7339.207 Mobile Safari/537.36 (compatible; Googlebot/2.1; +http://www.google.com/bot.html)"
66.249.66.69 - - [20/Oct/2025:14:13:36 +0200] "GET /1654791995 HTTP/1.1" 404 1238 "-" "Mozilla/5.0 (Linux; Android 6.0.1; Nexus 5X Build/MMB29P) AppleWebKit/537.36 (KHTML, like Gecko) Chrome/140.0.7339.207 Mobile Safari/537.36 (compatible; Googlebot/2.1; +http://www.google.com/bot.html)"
66.249.66.70 - - [20/Oct/2025:14:14:13 +0200] "GET /769526061 HTTP/1.1" 404 1238 "-" "Mozilla/5.0 (Linux; Android 6.0.1; Nexus 5X Build/MMB29P) AppleWebKit/537.36 (KHTML, like Gecko) Chrome/140.0.7339.207 Mobile Safari/537.36 (compatible; Googlebot/2.1; +http://www.google.com/bot.html)"
66.249.66.70 - - [20/Oct/2025:14:12:16 +0200] "GET /1287441566 HTTP/1.1" 404 1238 "-" "Mozilla/5.0 (Linux; Android 6.0.1; Nexus 5X Build/MMB29P) AppleWebKit/537.36 (KHTML, like Gecko) Chrome/140.0.7339.207 Mobile Safari/537.36 (compatible; Googlebot/2.1; +http://www.google.com/bot.html)"
